t. Give v(d).
-7
Suppose -2*x - 27 = -11. Let i(w) = -2*w - 7. What is i(x)?
9
Let d(t) = 3 - 73*t + 70*t + 4. Let f = 1 + 1. Suppose 3 + f = q. Give d(q).
-8
Let h = 89 + -82. Let r(p) = -p**2 + 6*p. What is r(h)?
-7
Suppose 6 = 5*q - 9. Let w(z) = -5 - 3*z + q + z**2 + 2. Calculate w(2).
-2
Let l(h) = -h. Let s be l(0). Let n(w) be the second derivative of -w**5/20 + w**4/12 - w. Determine n(s).
0
Suppose -4*s = 3*k - 0*s + 1, 0 = -2*k + s + 14. Suppose k*o = 4*m + 28, 0 = m - o - o + 10. Let z(p) = -p**2 - 1. Calculate z(m).
-5
Let z(d) = d**3 + 6*d**2 + 1. Let u be (4/(-5))/((-6)/(-45)). Give z(u).
1
Suppose -7*y - 5*y = -72. Let v(n) = 3 + n - 5 + 1. What is v(y)?
5
Let j(g) be the first derivative of g**2/2 - g + 443. Let k = -15 - -9. What is j(k)?
-7
Let a(h) be the second derivative of 4*h - 1/3*h**3 + 0 - 1/20*h**5 - 5/12*h**4 - 3*h**2. Give a(-5).
4
Let n(z) = -2*z**2 + 6*z**3 + 7*z**3 - 14*z**3 + 2 + 2*z. Calculate n(-2).
-2
Suppose -105 = -5*g - a, 2*g + 4*a = -0*a + 60. Let d be (-1)/7 - g/7. Let i(l) = 3*l**3 - 4*l**3 - 3*l**2 - 3 + 0*l**2. Calculate i(d).
-3
Let k(b) be the third derivative of b**4/12 + 2*b**3/3 + 26*b**2. Calculate k(-8).
-12
Let s(d) be the first derivative of d**4/4 - 2*d**3/3 - d**2/2 - 3*d + 2. Let l = 0 - -3. What is s(l)?
3
Let s(w) = 16*w**3 - 4*w**2 + 3 - 15*w**3 + 4 - 2*w. Let g(m) = 2*m**3 - 8*m**2 - 3*m + 15. Let n(k) = 2*g(k) - 5*s(k). What is n(5)?
-10
Let q(x) = x**2 + 2*x. Let t be q(-2). Let u = t - 3. Let n(r) = r**3 + r**2 - 4*r. Determine n(u).
-6
Let a(i) = -4*i. Let n(p) = -p. Let u(o) = -3*a(o) + 10*n(o). Let j(z) = -z**2 - 7*z - 6. Let f be j(-4). Let v be ((-2)/f)/(9/(-27)). What is u(v)?
2
Let l(r) = -17*r + 5*r**2 + r**3 - 4*r**2 - 3 + 15*r + 6*r**2. What is l(-7)?
11
Suppose -2*j + 19 = 1. Let k(g) = -5*g + j*g + 4 + 1 - g**2. Calculate k(5).
0
Let b(i) = 5*i + 1. Let y(u) = 6*u + 1. Let m(o) = -4*b(o) + 3*y(o). What is m(-1)?
1
Let h(o) = -5*o**3 + o**2. Suppose 0 = 21*b - 25*b - 4. What is h(b)?
6
Let r(c) = -c**3 + c**2 - c + 7. Let j be 10/2*(-18)/(-15). Suppose 0 = j*g - 3*g. What is r(g)?
7
Let w(l) = l**2 - 4*l - 1. Let d be w(3). Let n(j) = j**3 + 5*j**2 + 4*j - 5. Calculate n(d).
-5
Let w be (-2)/(-2) - (-3 + 2). Let p(c) be the third derivative of -c**3/6 + c**2. Let h(x) = 2*x - 9. Let o(t) = 3*h(t) - 24*p(t). Give o(w).
9
Let d(z) = -13*z**2 + 10*z**2 + 4*z**2 + 4 + 3*z. Determine d(-3).
4
Let l(u) = u**2 - u - 1. Suppose 3*x = -0*x + 6. Determine l(x).
1
Suppose -107 = -5*i - 122. Let p(w) = -w**3 - 2*w**2 + 2*w - 1. What is p(i)?
2
Let t(z) be the first derivative of 1/2*z**2 - 1/3*z**3 - 5 - 5*z + 1/4*z**4. Calculate t(0).
-5
Let g(j) = 3*j**2 + 2*j - 2. Let z(w) = -3*w**2 - 2*w + 1. Let t(y) = 2*g(y) + 3*z(y). Suppose -4 = 5*s + 1. What is t(s)?
-2
Let m = -2 + 0. Let c be (-10)/(-2) + m + 0. Let f(o) = 2*o - 5. Let d(p) = 1. Let n(y) = 6*d(y) + f(y). What is n(c)?
7
Let o(b) = b**2 - 3*b + 1. Let d be o(2). Let z be (4/(-6))/(d/3). Let n(f) = 2*f**2 - 2*f - 2. Determine n(z).
2
Let h be -2*(3 - 2)/(-2). Let u(i) = i**2 + 1. Let f(r) = 2. Let s be (-1)/(-4) + 22/8. Let w(q) = s*u(q) - f(q). Calculate w(h).
4
Let h(d) = -2*d - 6. Let l = -9 + 12. Let c be (l - (-12)/(-3))*5. Give h(c).
4
Let v(m) = m**3 + 8*m**2 - m - 10. Let o be v(-8). Let p(c) = c**2 + 6*c + 2. Let s be p(-6). Let t(q) = -2 + q + 0 + q**s + 0*q. Give t(o).
0
Suppose -5*v + 6*g - 3*g = -17, -v = -4*g. Let b(h) be the second derivative of -v*h - 3*h**2 + 1/6*h**3 + 0. What is b(-5)?
-11
Let r(p) = -5*p. Let i be r(-1). Let c(b) = b**2 - 4*b - 7. Determine c(i).
-2
Let h(b) = 3*b**3 - 22*b**2 + 8*b - 11. Let f(a) = a**3 - 7*a**2 + 3*a - 4. Let k(c) = -7*f(c) + 2*h(c). Give k(4).
2
Suppose 7*o - 2*o = 35. Let a(m) = -3*m**2 - o + 0*m**3 + 4 + 4 - m**3 - 3*m. What is a(-3)?
10
Suppose -9 = -3*p - 2*u + 4*u, 5*p - 11 = 2*u. Let w(b) = -7*b**3 + b**2 - 2*b + 1. Give w(p).
-7
Let j(k) = k**3 + 5*k**2 + 6*k + 4. Let h = 5 + -3. Suppose -t - 2*t - 18 = 3*n, -5*t - 2 = -h*n. Determine j(n).
-4
Let k(t) be the third derivative of 0*t + 3*t**2 + 0 + 1/12*t**5 + 2/3*t**3 - 1/8*t**4 - 1/120*t**6. What is k(4)?
8
Suppose f + 9 = -2*f. Let b be f + (-8)/(-4) + -2. Let n(x) = x**2 + 2*x - 3. What is n(b)?
0
Let h(q) = -q + 11. Let y(d) = -2*d + 22. Let p(n) = -7*h(n) + 4*y(n). What is p(9)?
2
Suppose 20 + 16 = -2*b. Let j be 12*-2*3/b. Let r(q) = -9*q - 3. Let d(i) = 5*i + 2. Let o(k) = j*r(k) + 7*d(k). Calculate o(-4).
6
Let u(q) = q**3 + q + 5. Let o be 20/6*(-15)/(-10). Suppose 2*t = o*t. Give u(t).
5
Let j(t) = -t**3 - 7*t**2 - 6*t - 1. Let w be 1/(-1 + -2 + 4). Let q be (1 - 2) + w*-5. Calculate j(q).
-1
Let u(t) = -7*t**3 - 4*t**2 + 11*t + 12. Let c(y) = -20*y**3 - 12*y**2 + 32*y + 34. Let x(z) = -6*c(z) + 17*u(z). Calculate x(-5).
0
Let b(a) = -a**2 + 8 + a + 4 - 8. Calculate b(3).
-2
Let l(n) = 2 + 2*n - n**3 + 0*n - 3. Let h(c) = c**3 - c**2 + 2. Let k be h(0). Suppose 0 = -y - k. Determine l(y).
3
Let y(g) = 11*g - 3. Let l(w) = 19*w - 6. Let h(j) = -4*l(j) + 7*y(j). Let i be 22/(-4) + (-1)/2. Calculate h(i).
-3
Let u = 15 + -17. Let f be (2 - -4)*1/u. Let j(d) be the second derivative of -d**5/20 - d**4/3 - d**3/2 + 3*d**2/2 - d. Determine j(f).
3
Let l(c) = -20 + c**2 - c**3 + c + 46 - 22. Determine l(0).
4
Let l be 1/(-12)*2 + 1032/144. Let m(y) = -y**2 + 8*y + 1. What is m(l)?
8
Let p(v) = -v**2 + 4*v + 5. Let j(x) = x**2 - 2*x + 4. Let r be j(3). Let l = r + -2. Suppose 2*u - 5 - l = 0. Determine p(u).
0
Suppose -3*z - 3*u + 1 = 4, 5*z - u - 25 = 0. Suppose -2*l = z*a + 24, -2*l = -3*a - 0*l - 11. Let d(r) = -4 + 2*r - 2 + 4. Give d(a).
-12
Let z(v) = -2*v**3 - v**2 + 1. Suppose -3*g + 0 = -2*i - 4, i - 3*g = -5. What is z(i)?
-2
Let f(j) = -9*j - 2. Let r(g) = 5*g + 1. Let l(m) = 3*f(m) + 5*r(m). What is l(7)?
-15
Let j(g) = g**3 - 7*g**2 - 6*g - 10. Let p be j(8). Let i be -1*((-6)/(-3) - p). Suppose -i*q = q. Let s(a) = a + 1. Give s(q).
1
Let g(u) = -u + 5. Let m(v) = v**2 + 6*v + 2. Let y be m(-4). Let l = y + 11. Suppose -l*z - 14 + 39 = 0. Give g(z).
0
Let m be 6/(-18)*-3*3. Let d(n) = -n - n**2 + 1 - 3 - m*n + n**3 - 2*n**2. Give d(4).
-2
Let o = -3 + 3. Let t be (2 - 1)*(o - 9). Let q be (-2)/(-6) + 21/t. Let b(f) = 6*f. What is b(q)?
-12
Let o be (-235)/94 - (-18)/4. Suppose -n - 13 = 5*u, -2*n = 4*u + 2 + 6. Let c(p) = p**3 - 3*p**2 - p - n + 0*p**2 + 5*p. What is c(o)?
2
Let c(b) = b**3 - 2*b**2 - b + 1. Let d be c(2). Let r be -2 - (d - -1) - -4. Suppose 0 = -r*v + 8. Let f(u) = -u**2 + 4*u + 2. Determine f(v).
2
Suppose -2*r - 3*r = -4*n - 15, -2*n + 5*r - 15 = 0. Let z(m) = 2 - 3 + m**2 + m + n*m**2. Suppose 5 = 5*h + 4*i, 3*i = 8 + 7. Calculate z(h).
5
Let t(m) = m**3 - 4*m**2 + 4*m. Let y(n) = -2*n**3 + 7*n**2 - 8*n - 1. Let f(h) = 5*t(h) + 2*y(h). Determine f(5).
-7
Let k(h) = -3*h. Suppose -5*v + 46 = 4*t, 3*t - 9 = -4*v + 28. Suppose r = -4*r + v. Give k(r).
-6
Let c(a) = 7*a**2 - 14*a - 1. Let r be (8/5)/((-8)/40). Let j(o) = -11*o**2 + 21*o + 1. Let b(k) = r*c(k) - 5*j(k). Determine b(6).
9
Let m(q) = -q - 2. Let j(o) = -o + 1. Let x(b) = -6*j(b) - 3*m(b). Calculate x(-1).
-9
Let g(t) = t**2 + 7*t + 3. Let r = 9 - 16. Let u be g(r). Suppose -a - 2*a + q + 2 = 0, 0 = u*a - 5*q - 10. Let h(x) = x**3 + x + 6. Give h(a).
6
Let r(z) = 11*z + 3. Let b(g) = -56*g - 16. Let a(i) = 2*b(i) + 11*r(i). Calculate a(1).
10
Suppose -3*t + x - 9 = -0*x, 5*t + x + 7 = 0. Let b(m) = -3*m - 6 + 2*m + 4. Give b(t).
0
Let u(h) = -h**2 - 2*h + 4. Let b be u(-3). Let j(a) = -5*a**2 + 0 + 3*a**2 - b. Let o be j(-1). Let s(x) = -x**2 - 3*x - 2. Determine s(o).
-2
Let n(q) be the first derivative of q**4/12 - 7*q**3/6 + 3*q**2/2 - q - 1. Let x(c) be the first derivative of n(c). Give x(5).
-7
Let r(n) = 27*n - 10*n - 9*n - 10*n + 1. Let a(x) = -x + 2*x**2 + 3*x**3 - 3*x**2 - 2*x**3. Let b be a(-1). What is r(b)?
3
Let o(x) = -x + 3. Suppose -2*g + p = -12, 20 = 5*g + 2*p - 19. Determine o(g).
-4
Let s be -1 - (0 - -3) - 0. Let m = -1 - s. Let f(t) be the first derivative of -t**4/4 + 5*t**3/3 - t**2 - 3*t + 14. What is f(m)?
9
Let t(l) = -l**2 - 5*l**3 + 1 + 2*l**3 - 2*l + 3*l**2. Let n be (3 + -4 - -3)*1. Suppose 3*m = m + n. Determine t(m).
-2
Let s(l) be the first derivative of -3*l**2/2 - 3*l + 12